is the units digit of w?
8
Let h be 3 - (-2 - 116/2). Suppose -4*a + h = 15. What is the tens digit of a?
1
Let m = 316 + -190. What is the units digit of m?
6
Let b be -5*3/10*2. What is the tens digit of b + -1 + -2 + 25?
1
Let d(l) = l**2 + 9*l + 9. Let o be d(-9). Let v = -13 + o. What is the units digit of v/22 - 105/(-33)?
3
Suppose 4 = 4*l - 8. Let i(t) = -t**3 - 2*t**2 - t - 2. Let w be i(-2). Suppose r + w = l. What is the units digit of r?
3
Suppose -89 = 5*a + 1. Let s be 526/18 - 2/9. Let q = s + a. What is the tens digit of q?
1
Suppose 2*u - 5*u - 18 = 0. Let t = u + 9. What is the units digit of 6 - (t + -1 - 5)?
9
Let u(g) = 94*g**2 - 1. What is the tens digit of u(-1)?
9
Suppose -6*r + 4 = -4*r. Suppose -3*u = r*u + 30. Let p(c) = -2*c - 5. What is the units digit of p(u)?
7
Suppose 4*u + u + 5 = 0. Let s = 2 + u. What is the units digit of s?
1
Let n = 38 - -2. What is the tens digit of n?
4
Let d(z) = 3*z**2 - z. Let w be d(1). Suppose -y - w = 3*l, 7*y - 4*y + 10 = -5*l. What is the units digit of l?
1
Suppose 2*b = 6*b - 24. Suppose -t = -b*t. Suppose -4*o - 1 - 11 = t, 5*o = -2*q - 7. What is the units digit of q?
4
What is the units digit of (-133)/(-21) - (-4)/6?
7
Suppose -2*w + 3 = -1. Suppose 2*i - 34 = -2*v, -v + w*v = 3*i + 5. What is the units digit of v?
4
Let b = 10 + 3. What is the units digit of b?
3
Let z(h) = h**3 + 12*h**2 - 7*h - 29. What is the hundreds digit of z(-11)?
1
Suppose 5*h - 2*h = -6. Let p = 3 - h. What is the units digit of p?
5
Let r(i) be the third derivative of -i**5/60 + i**4/4 + i**3 - 2*i**2. What is the tens digit of r(5)?
1
Suppose 5*o = 3*x - 0*x + 2, -x - 2 = -2*o. What is the units digit of ((-42)/18)/((-2)/x)?
7
Let f = 282 - 166. What is the hundreds digit of f?
1
Suppose 5*d - 4*d - 15 = 2*q, 4*d - 30 = 3*q. Let t(j) = -6*j + 2. What is the tens digit of t(q)?
3
Suppose 4*d - 1 = m - d, -5*m - 5 = -5*d. Let h = m - 3. Let x = h + 19. What is the tens digit of x?
1
Let t be ((-3)/2)/((-5)/(-70)). Let w = 15 + t. What is the units digit of 40/12 + 2/w?
3
Suppose 0 = -2*u - 3*m + 4, 5*u - 3*m = -8*m. What is the units digit of (3 + -4)/(2/u)?
2
Suppose -289 = -5*x - 49. What is the units digit of x?
8
Suppose -q = 4*n + 9, -3*q - 5*n + n - 3 = 0. Suppose q*c = -c. Let t = 1 - c. What is the units digit of t?
1
Let h = -9 + 3. Let j be ((-2)/h)/((-5)/(-30)). Suppose 15 = 2*x + k, x + j*k - 10 = k. What is the units digit of x?
5
Let r be 13/3 + 2/(-6). What is the units digit of -6*3*r/(-18)?
4
Suppose 0 = 2*z + 187 - 725. What is the hundreds digit of z?
2
Let f(p) = -p**3 - 9*p**2 - 17*p - 11. What is the units digit of f(-9)?
2
Suppose -5*s = -4*j - 161, 3*s + 3*j = 48 + 27. What is the tens digit of s?
2
Let i be (-4 + 0)/(-2) - 16. Let m = -4 - i. Suppose -2*a + 30 = 2*h, 2*h - 6*a - m = -4*a. What is the tens digit of h?
1
Let u = -535 + 778. What is the units digit of u?
3
Let b = 0 + 8. Suppose z = -z + b. What is the units digit of z?
4
Let b be -2 + 2 - -1 - -3. Suppose 4*d - 9 - 11 = 0, p + 25 = b*d. Let a = p - -6. What is the units digit of a?
1
Suppose -4*p + 7 = k - 55, 3*k + 69 = 5*p. Suppose p = -3*a + 4*a. What is the units digit of a?
5
Let j = -679 + 1031. What is the tens digit of j?
5
Let u = -494 + 880. What is the hundreds digit of u?
3
Let s = -86 - -131. What is the units digit of s?
5
Suppose 4594 = 12*y + 766. What is the tens digit of y?
1
Let l(j) be the second derivative of -j**5/20 - j**4/2 + 2*j**3/3 - 5*j**2/2 - j. Let k be l(-7). What is the units digit of k/3*(-6)/(-4)?
8
Suppose 5*j - 1 = -6. Let g be 1 + j + 2 + 0. Suppose 6*l + 5*m = l, -5*l = -g*m - 21. What is the units digit of l?
3
Let a be 10*-1*20/(-8). Suppose 2*c - a = l, -2*c + 30 = -l + 5*l. What is the tens digit of c?
1
Let r(z) = 4*z**2 - 8*z + 9. What is the tens digit of r(5)?
6
Suppose 0 = -5*c + 18 + 22. Suppose -4*j = -0 + c, 5*j = -r + 3. Let y = r + -7. What is the units digit of y?
6
Suppose 6*m - 80 = 2*m - 2*y, 0 = m + 2*y - 23. What is the tens digit of m?
1
Let r(l) = 2*l**2 + 4. Let u be r(-3). Let i = -11 + u. What is the tens digit of i?
1
Let j = -8 - -11. Suppose 3*f + 2*w - 6*w = -1, 2*f + 1 = j*w. What is the units digit of f/(-3) - 75/(-9)?
8
Suppose 5*f - 6 - 10 = b, 3*b - 12 = 0. Let h = -54 + 95. Suppose 5 = -f*k + h. What is the units digit of k?
9
Suppose 0 = g + 4*o + 93, 0*o - o = -g - 108. What is the units digit of g/(-14) - (-1)/2?
8
Suppose 3*n + n + 2*q = 152, -2*n + 84 = 3*q. What is the units digit of n?
6
Let z(q) = q**2 + 3*q - 29. What is the hundreds digit of z(-14)?
1
Let b(t) = 3*t**2 + 3*t + 1. Let k be b(6). Suppose 0 = 5*i + 2*a - 3*a - k, 0 = -i + 5*a + 35. What is the units digit of i?
5
Suppose 5*r - 130 - 90 = 0. What is the tens digit of r?
4
Suppose 0 = -m - y - 0*y + 81, 3*m - y - 235 = 0. What is the tens digit of m?
7
Let k = 130 - 11. What is the units digit of k?
9
Suppose 0 = 4*h - 2*h - 32. Suppose -4*p + h = -3*p. What is the tens digit of p?
1
Let s(g) = -4*g + 2. Let t(b) = 4*b + 1. Let l be t(-1). Let w be (l/(-6))/((-3)/18). What is the units digit of s(w)?
4
Let l(p) = -2*p**3 - 9*p**2 + 4*p + 1. Let j(x) = x**3 + 4*x**2 - 2*x - 1. Let q(y) = -5*j(y) - 2*l(y). What is the units digit of q(-4)?
7
Suppose -5*k - 5*p = -60, 2*k = -0*k + 2*p + 40. What is the units digit of k?
6
Let g = -57 + 77. What is the units digit of g?
0
Let u(n) = 2*n - 13. What is the units digit of u(9)?
5
Let b be (2/6)/((-1)/(-12)). Suppose -b*m = -m. Suppose m = 4*q - 0*q - 4. What is the units digit of q?
1
Let y(b) = -b**3 + 7*b**2 + 5*b - 7. What is the tens digit of y(4)?
6
Suppose 0 = -7*d - 83 + 391. What is the units digit of d?
4
Let x = -1 - -6. Let k = -4 + 4. Suppose -j - 71 = -x*v - k*v, -63 = -5*v + 3*j. What is the units digit of v?
5
What is the units digit of ((-12*1)/(-2) - 4)*16?
2
Let u(t) = -5*t**2 + 4*t. Let o(k) = -k**2 - k + 1. Let h(q) = -6*o(q) + u(q). Let z be h(-10). What is the units digit of z/6 + 6 + 1?
6
Let k(u) = -1. Let a(i) = -2*i + 3. Let l(y) = a(y) + 4*k(y). Let t(b) = -3*b + 21. Let z be t(9). What is the tens digit of l(z)?
1
Let h(k) = -2*k - 6. Let y(j) = -j - 8. Let a be y(0). What is the units digit of h(a)?
0
Suppose -3*p - 153 = -387. What is the tens digit of p?
7
Let j be ((-30)/(-1))/((-12)/8). Let z = 1 + j. Let u = z - -36. What is the tens digit of u?
1
What is the tens digit of (-3 - (-1 - -1))*388/(-12)?
9
Let m = -10 - -20. Suppose -m = -d - 3. What is the units digit of d?
7
Suppose 4*i - 2*i - 8 = 0. Suppose 3*t + 32 = i*t - 5*d, 96 = 3*t + d. What is the units digit of t?
2
Let n = 7 - 22. Let m be 4/(-10) - 66/n. Suppose m = 2*g - 22. What is the units digit of g?
3
Let n(z) = -z**2 - 1. Let b be n(0). Let f = b - -4. Suppose s = 3*j - 4, -j + 6 = -2*s + f. What is the units digit of j?
1
Let r(a) = 13*a - 11. What is the units digit of r(7)?
0
Suppose 76*b + 1172 = 80*b. What is the tens digit of b?
9
Suppose -142 = -5*b + 433. What is the hundreds digit of b?
1
Let v be ((-3)/6)/(2/(-12)). Suppose v*t + 7 + 5 = 2*p, -t - 4 = 2*p. Suppose j = -p*s - 5*s + 44, 5*j = -5. What is the units digit of s?
9
Let g(f) = 6*f + 2. Let c = 11 - 10. What is the units digit of g(c)?
8
Suppose -22 = -5*m - t, 9 = m + 2*m + 2*t. Suppose 0 = -m*g + 259 - 104. What is the tens digit of g?
3
Let y(j) = -j**2 - 9*j - 3. Let z be y(-4). Let b = z + -4. What is the units digit of b?
3
Suppose 0 = 2*h + 20 + 14. Let b = h + 30. What is the tens digit of b?
1
Let c be (-6)/(-5)*(-35)/(-14). Let j(b) = 2*b - 3*b + 1 + 2*b. What is the units digit of j(c)?
4
Suppose 2*g + g = n + 6, -g = -n. Let d(w) = 8*w - 4*w**2 - w**2 + w**g - 4*w**2 + 1. What is the units digit of d(8)?
1
Let q be (12/30)/((-1)/(-20)). Suppose -4*r + 3*p - q = 0, -6*p = -4*r - 4*p - 4. What is the units digit of r?
1
What is the tens digit of -7 + 11 - 3 - 83*-1?
8
Let u = 9 - 11. Let x(n) = -2*n**2. Let l be x(-1). What is the units digit of (2/l)/(u/10)?
5
Let h be (-1304)/36 - (-6)/27. Let x = -26 - h. What is the tens digit of x?
1
Let c(j) = -j + 15. Let z be c(11). Let t be (-1)/((-2)/z*1). What is the units digit of 1*-15*t/(-6)?
5
Suppose 79 = 3*s - u, 131 = 6*s - s - u. What is the units digit of s?
6
Let o be 34/(1 - -1 - 0).